ctors of f(0).
5, 19
Suppose 0 = -19*h + 6094 - 736. List the prime factors of h.
2, 3, 47
Suppose -815 = -14*i - 17. What are the prime factors of i?
3, 19
Let a(v) = -22*v**3 - v**2 - 3*v - 2. List the prime factors of a(-1).
2, 11
Let d(f) = 2*f**2 + 7*f + 6. Let c be d(-5). Suppose 4*i + 3*g - 4*g - c = 0, 5 = -5*g. Suppose 0 = i*j - 54 + 9. List the prime factors of j.
3
Suppose 4*z + 5*g = -17, 3*z = 3*g - 0 + 21. Suppose h + 4*b = 5*b - z, -5*h + 40 = 5*b. List the prime factors of h.
3
Let i(g) = 12*g**2 + 9*g + 12. What are the prime factors of i(5)?
3, 7, 17
Suppose 3*r + 39 = -l - l, 5*l - 3*r = -129. What are the prime factors of 3*1*(-88)/l?
11
Suppose -44 = -4*a - 2*k, 2*a - 55 = -3*a - 4*k. List the prime factors of a.
11
Suppose -5*a - 2*z + 11 = -8, 4*z - 20 = -4*a. Let g = -16 - -34. Suppose -6 = -a*h + g. List the prime factors of h.
2
Suppose -382 = -7*d + 255. What are the prime factors of d?
7, 13
Let q = 6 + -5. Let s(p) be the first derivative of 8*p**3/3 - p**2 + p - 1. List the prime factors of s(q).
7
Suppose -3*r - 5 = -2*r, -5*r - 10 = -3*c. List the prime factors of ((-96)/15)/(1/c).
2
Let z(f) = -f**3 + 2*f. Let r be z(-3). Suppose 11*q - r = 10*q. List the prime factors of q.
3, 7
Let o(u) = 21*u - 24. List the prime factors of o(10).
2, 3, 31
Let b = 24 - -5. What are the prime factors of b?
29
Suppose 4 = -4*m - 4*f, -8 = 4*m - m + 4*f. Suppose 0 = 8*x - 3*x - 5, 0 = -5*z + 5*x + 20. Suppose -z*a + m*a = -7. What are the prime factors of a?
7
Let o be ((-1)/2)/((-1)/8). Suppose h - 8 = g - 3*h, 5*h = -o*g + 10. Suppose x - 3*i + 6 = g, -x = -5*i + 5 + 7. List the prime factors of x.
3
Let z(c) = c**2 + 8*c. Let m be z(-7). Let d(y) = -y**3 - 8*y**2 - 13*y - 2. List the prime factors of d(m).
2, 5
Let p(x) be the third derivative of x**6/120 + x**5/6 - x**4/12 + 2*x**3/3 - 5*x**2. What are the prime factors of p(-10)?
2, 3
Let m = 11 + -7. Suppose m*o = 2*w - 0*w + 2, 4 = 3*o - 2*w. What are the prime factors of 92/10 - o/(-10)?
3
Let c(o) = o - 11. Let d be c(9). Let t be -1 + 21 + (d - -3). Suppose 5*x - k - 63 = 0, 2*x - t = k - 2*k. List the prime factors of x.
2, 3
Suppose 0 = -m + 2*y + 86, -4*y + 0*y = 2*m - 148. List the prime factors of m.
2, 5
Let y be 1/4 + (-62)/(-8). Let q be 1*2/2 - -1. Suppose q*n - 20 + y = 0. What are the prime factors of n?
2, 3
List the prime factors of ((-104)/10)/(8/(-20)).
2, 13
Suppose 2 = a - 3*p + 17, -a = -2*p + 10. Suppose 48 = 3*x - a*z - 3*z, 3 = -z. List the prime factors of x.
13
Let h(r) = -11*r - 5. List the prime factors of h(-6).
61
Suppose -3*j - 2*s = -s - 91, 4*j = -5*s + 125. List the prime factors of j.
2, 3, 5
Let l(w) = w**2 - w + 1. Let d(s) = -4*s**2 + 15*s - 11. Let q(i) = d(i) + 3*l(i). What are the prime factors of q(10)?
2, 3
Suppose 2 = 2*x - h - 2, 8 = -3*x + 5*h. Suppose 0 = 3*c + x*k + 14, -c = -3*c + 5*k + 29. Suppose 8 = 6*u - c*u. List the prime factors of u.
2
Suppose -2*m - m - 2*q = 4, 0 = -5*m - 3*q - 5. Suppose -m*o = -0*o. Suppose 3*x = 4*s + 33, 5*x + 4*s - 55 = -o*x. What are the prime factors of x?
11
Let p(v) = v - 5. Let o be p(9). Let b(z) = z**3 - 5*z**2 + 4*z + 3. Let a be b(o). Suppose 0 = 2*k - 3 - a. What are the prime factors of k?
3
Suppose 0 = 5*m + 2*k + 30, m + 6 = -0*m + k. Let y = 14 + m. Let g = y - 5. What are the prime factors of g?
3
Let w(o) = 20*o**2 - 10*o + 3. What are the prime factors of w(4)?
283
Suppose -72 = 4*d + 5*w - 335, 2*w - 254 = -4*d. What are the prime factors of d?
2, 31
Let q = 34 - 19. Suppose 5*i + 0*i - 125 = 0. Let s = i - q. List the prime factors of s.
2, 5
Let t = -7 + 12. Suppose t*k = 5*x + k + 25, -3*k = -4*x - 19. List the prime factors of 0/(1 - x) - -11.
11
Let c(k) = 3*k**2 - k - 5. Let t be c(-6). Suppose 5*l + i - 104 = 0, t = 4*l + l - 4*i. List the prime factors of l.
3, 7
Let t = 1 - -1. Suppose 3*h = -4*z + 71, 4*h - 3*z = 3*h + t. What are the prime factors of h?
17
Let o = 61 - 26. What are the prime factors of (-1)/(-4) - o/(-4)?
3
Suppose 0 = w - 67 - 2. List the prime factors of w.
3, 23
Let b(p) = -13*p**3 - p + 3. List the prime factors of b(-2).
109
Suppose -89 + 11 = -2*u. What are the prime factors of u?
3, 13
Let d(h) = -h**3 + 5*h**2 - h - 4. Let t be d(4). Suppose -u - 2 = -5*k - 9, t = 2*u - 4*k. Let p(o) = 2*o**2 - 2*o - 2. What are the prime factors of p(u)?
2
Suppose 5*l - 6 = 19. Suppose -y = l*h - 32, -h - 29 = -3*y + 67. List the prime factors of y.
2
Suppose -4*u = 5*c + 9, 2*c = -2*c - 5*u. Let d(s) = -3*s - 5. List the prime factors of d(c).
2, 5
Let u = -5 + 11. Let f = -128 - -186. List the prime factors of (-1)/(-3) + f/u.
2, 5
Let b(f) = f**2 + 14*f - 26. List the prime factors of b(-17).
5
Suppose 3*x - i + 1 = -9, -6 = 2*x - i. Let d(w) = -5*w - 5. Let r be d(x). Suppose -2*u - 3*b + 2*b = -r, b - 5 = 0. List the prime factors of u.
5
Let b = -9 - -9. Let p(d) = -d**3 - d**2 - d + 23. What are the prime factors of p(b)?
23
Let r be 2/(-4 - -3) + -12. Let s = r + 30. What are the prime factors of s?
2
Let h(k) be the first derivative of -2*k**2 + k + 1. Let r(p) = -p**2 - 2*p - 1. Let m be r(-2). List the prime factors of h(m).
5
Suppose -6*o = -2*o - 252. What are the prime factors of o?
3, 7
Suppose 0 - 3 = -w. Suppose 10*t - 5*t - 20 = -5*o, -t - 28 = -w*o. List the prime factors of o.
2
Let x = 59 - 21. What are the prime factors of x?
2, 19
Suppose 7 = -2*w + 3*x + 26, 5*x = 5*w - 35. Suppose w*q = -q + 27. What are the prime factors of 6*((-24)/q)/(-2)?
2
Let x = -3 - 6. List the prime factors of x/(-6)*42/9.
7
Let y(b) be the third derivative of -b**6/120 - b**5/12 - b**4/4 - 2*b**3/3 - b**2. Let q be y(-4). Let w = 8 - q. What are the prime factors of w?
2
Suppose -5 + 2 = -d. Suppose 3*m - 15 + d = 0. What are the prime factors of m?
2
Let r be -2 - (1 + -1 + -7). Suppose 2 - 17 = -5*v, -r*j = -3*v - 51. What are the prime factors of j?
2, 3
List the prime factors of 4*(-1*(-3 + 2) + 15).
2
Let q be (-64)/(4/(-2)) + -2. Suppose -g - 3 = -4*n + 4, 5*n + 3*g = q. Suppose 5*l = -25, n*w - 8 - 12 = l. List the prime factors of w.
5
Let a = -6 - 0. List the prime factors of 12 - 3*(-4)/a.
2, 5
Let u = 2 - -2. List the prime factors of u.
2
Let n be (6/4)/(22/1628). Let v = 169 - n. What are the prime factors of v?
2, 29
Let m be (-6)/(-15) - (-8)/5. List the prime factors of (2/(-6))/(m/(-78)).
13
Suppose -2*m = 2*m - 352. What are the prime factors of m?
2, 11
Suppose -r = -p - 20 + 7, 13 = r - 5*p. List the prime factors of r.
13
Let k = 12 - 18. Let m = k + 20. What are the prime factors of m?
2, 7
Suppose 3*q - 2 = 2*q. List the prime factors of q.
2
Suppose 4*g - 2*g - 66 = 0. Suppose -20*u + 19*u = -47. Let c = u - g. What are the prime factors of c?
2, 7
Let u(f) = -9 - 7 + 7*f + 14. What are the prime factors of u(6)?
2, 5
Let f = -2 - 0. Let n be -2 + (f - 6*-1). Suppose -j + n*g = 2, 3*j - 45 = -2*j - g. List the prime factors of j.
2
Let j be ((-50)/3)/(2/6). Let y = j + 76. List the prime factors of y.
2, 13
Suppose 6*o = -0*o + 18. What are the prime factors of o?
3
Let c be (5 - -1)*(-1)/(-3). Let t(n) = 2*n**2 - 2*n + 2. What are the prime factors of t(c)?
2, 3
Let z(o) = -o**2 - 13*o - 10. Let b be z(-12). Let k = 7 - b. What are the prime factors of k?
5
List the prime factors of 9/18 - (-29)/2.
3, 5
Let d = -9 - -11. Suppose 0 = 5*f + g - 199, -d*g = -2*f - 0*g + 82. List the prime factors of f.
2, 5
Suppose 12*u - 11*u - 114 = 0. What are the prime factors of u?
2, 3, 19
What are the prime factors of 12/(-10)*-110*(-8)/(-24)?
2, 11
Let q(k) = -7*k + 25. What are the prime factors of q(-7)?
2, 37
Let a(c) = 6*c**2 + 2*c - 10. Let y(g) = -g**2 - g + 1. Let l(d) = -a(d) - 5*y(d). Let x be l(4). What are the prime factors of x/((-20)/22 - -1)?
11
Let l(u) = 2*u - 2. Let i be l(2). Suppose 12 = g + i*g. What are the prime factors of g?
2
Let l = 2 - -42. Let n = l + -16. List the prime factors of n.
2, 7
Suppose -2*c + 3*b = -43 - 8, 100 = 5*c - 2*b. Suppose 18 + c = 4*f. What are the prime factors of f?
3
Let q = 5 + -4. Let y = q - -17. Suppose 3*v - 3*p - y = 0, -3*v + 6 = -4*p - 15. What are the prime factors of v?
3
Let q(l) be the third derivative of -5*l**4/12 - l**3/6 + 2*l**2. Let s(k) = -k - 2. Let w be s(0). What